(-40 - (-1 - -4)) + 2 - (8 - 6 - 5).
-38
210 + -176 + (-83 - -123)
74
Evaluate (49 - 29) + 2 + 1 + 4.
27
What is the value of -81 + (-15 - ((6 - 18) + 33 - 49))?
-68
(-4 - 4) + 8 - (-136 + 90)
46
What is -31 - (-85 - (-65 - 5))?
-16
Evaluate -80 + (-23 - -65) + -33.
-71
What is 22 + (20 + -4 - (100 + -49))?
-13
What is the value of (-200 + 180 - -18) + (-76 - -1)?
-77
What is the value of (-1 + 19 - (70 - 42 - 8)) + 135?
133
Calculate 9 + (-71 + -13 - (6 + -6 + 1 - 7)).
-69
What is the value of -14 + (-5 - (-7 - 12)) + (-23 - -1) + -4?
-26
-45 + -7 + 82 + 28 + 1
59
Calculate 5661 + -5634 - (-1 + -12 - (1 - 2)).
39
What is the value of 3 + 45 - (7 + (153 - 154))?
42
20 + (20 + -1 - (-420 - -445))
14
Calculate -4 - -34 - (12 - (26 - (-5 - -5))).
44
4 + (-28 - -8 - ((10 - 12) + -13))
-1
What is -13 - (8 - ((0 - -19) + (68 - 73)) - -68)?
-75
Calculate -11 - -10 - -18 - (-4 - -26).
-5
What is the value of 42 - (-72 + 64) - -12?
62
(-55 - -13 - (-130 - 0)) + -33
55
-33 + 5 + -10 + 52 + -73
-59
What is (50 + -57 - -80) + -74?
-1
What is (4 - (3 + 4)) + -9 + 7 + (-25 - -32)?
2
Evaluate 31 - (-26 + -23) - (3 + (-4 - -2) - 16).
95
What is -41 - (47 - (48 + 64))?
24
Evaluate (-120 - (-1 - 115)) + 0 + 6.
2
What is the value of 70 + (-6 - (-22 + 7)) + -11 + (-8 - -4)?
64
(-86 - -133) + -45 - ((1 - 2) + 45)
-42
Evaluate -583 + 641 - (82 + -5).
-19
What is (0 - -11) + 23 + -33 + 8 - -37?
46
What is the value of (-40 - (6 + -10)) + 59 + -69?
-46
Evaluate -19 - (38 + (12 - 35)).
-34
44 + (-5 + -1 - (-65 + 55))
48
Calculate -12 - (-43 - (6 - -13 - 4)).
46
Calculate (-1 - (-1 + -2) - -17) + 88894 + -88946.
-33
3 + 0 + -60 - 1 - (-4 + (-21 - -26))
-59
What is -20 - (4 + (-2 - 13)) - 39?
-48
-2 + (8 - 15) - (12 - (-12 + 8))
-25
What is the value of -12 + (-20 - (-13 - -37)) + 15?
-41
Calculate -12 - ((-12 - -13) + 60 + -40).
-33
Evaluate 57 - (72 + -19 + 60).
-56
What is (162 - 61) + 4 + -31 + -1?
73
What is the value of 32 + 14 + -15 - (19 - (1 + 6))?
19
What is the value of -10 - ((-8 - (16 + -12 + -4)) + 39)?
-41
Calculate (-2 - 17) + -37 + (-82 - -107).
-31
Calculate (33 - (4 + -33)) + -19.
43
What is the value of -25 - 34 - -103 - (-4 - (2 - 4) - -1)?
45
What is 13 - (-11 + -2 + (-38 - -52) + 14) - 73?
-75
Calculate -1 + -1 - (-5 + (28 + -10 - 17)) - 26.
-24
Evaluate -10 - (9 + -25 + 14 + 45).
-53
Evaluate (0 + 1 - (44 + -12 + -29)) + 11.
9
What is the value of (1030 - 1143) + 31 + -2?
-84
What is -41 + 25 + (33 - -62 - 18)?
61
(-21 + 51 + -18 - (-1 - -3)) + 0
10
What is -11 + -90 - -80 - (-12 + 1)?
-10
What is the value of -28 - -24 - 26 - -15 - -40?
25
What is the value of -5 - ((9 - (8 - 6)) + 31 + -38 + 8)?
-13
15 + -12 - (63 - -25)
-85
What is 60 + -56 - (-25 + 11)?
18
Calculate -1 + 0 - ((46 - 34 - 30) + -4).
21
6 + -20 - (32 - 41 - 8)
3
What is 1 + -3 + 6 - (-13 - (5 - (-14 + 31)))?
5
What is the value of -3 + 24 + (-19 + -1 - -41)?
42
Calculate 36 + -25 - -57 - 36 - -3.
35
What is the value of (-3 - (5 - 0)) + 3 - (-215 - -239)?
-29
Evaluate 28 + -40 + -20 + 51.
19
24 + -3 + 22 + -39 + (1 - -17)
22
18 + (12 - (58 + 13 - (45 + -26)))
-22
What is (18 + 25 + -12 - 165) + 32?
-102
What is -5 + 69 + (-79 - -59) - -8?
52
Evaluate (-38 - (-42 - 0)) + -63.
-59
Calculate -15 + (20 - 19) + 73 + 4.
63
What is the value of -239 + 221 + (-2 - (1 - 40)) + -11?
8
What is the value of (83 - 8) + -1145 + 1050?
-20
What is 13 + -11 + 9 + -51 - -6 - 4?
-38
-3542 + 3476 + 1 + 20
-45
Evaluate (9 - (10 + -11)) + -20 + (-2 - -7 - -72).
67
Evaluate (1 + 1 + -1 - 11) + 7368 + -7364.
-6
What is the value of 17 + (-5 - (-6 - -4 - (2 - 15 - -6)))?
7
(-5 + -2 - (-14 + 11 - 9)) + 50 + -24
31
-46 - -13 - (16 + -24)
-25
Calculate (0 - (-3 - -32) - (1 - 21)) + 63.
54
144 - (15 - (10 + 29) - -49)
119
(-2 - -3) + -2 + 14 - ((373 - 720) + 282)
78
Evaluate ((48 - 31) + -32 - -19) + -1 + -51 + 1.
-47
Evaluate 0 + -14 + (22 - -27) + -37 + 30.
28
Evaluate -96 + (92 + 93 - 10).
79
What is -122 + (30 - (13 - 46))?
-59
51 - (-84 - (-159 - -79))
55
Calculate (21 - -5) + (1 - (7 - 7 - 10)).
37
Evaluate -55 - (-2 + 7) - (-5 + (8 - (-5 + 6))).
-62
(-16 - 1) + -26 + 25 + 1
-17
62 + (29 - 80) + (0 - 31) + 2
-18
1376 - 1397 - (0 + -49)
28
-3 - ((-14 - -18) + 26) - (4 + -2)
-35
Evaluate 21 + 0 + (185 - 181) + 6.
31
(9 - -39) + -57 + 104
95
What is -9 - (1 + 0) - (77 + 89 + -226)?
50
What is 77 - (3 - (5 - (-7 + 46)))?
40
Calculate -12 - (-11 - (-48 + (-8 - -26))).
-31
6 + -39 + 40 + -44 + 27
-10
38 + -79 + (-26 - (9 + -6))
-70
Evaluate (40 - 46) + 8 - -26 - 40.
-12
Evaluate -129 - (10 - 41) - -154.
56
Evaluate (-3 + 3 + 2 + -4 - 12) + (-824 - -924).
86
Calculate 162 - (52 + -148) - 140.
118
(-42 - 38) + 98 - 138
-120
What is the value of (20 - 25 - -61) + -97?
-41
(-10 - -15 - (-43 + 0)) + (32 - 37)
43
What is the value of 93 + -62 + -119 - 28?
-116
What is 30 - -3 - (995 - 963)?
1
Evaluate -87 - (3 - 28 - (-38 + 5 + 26)).
-69
-1877 + 1873 + (1 - -14)
11
Evaluate (45 - -23) + -91 + (-3 - 19).
-45
Calculate 34 - (39 + -35 + 82).
-52
-8 - 1 - (-21 + 85 - (-5 + 9))
-69
Evaluate (7 - (39 + -10 - 24)) + -7 + 2 + -2.
-5
Calculate -22 - (57 + -112 + 20).
13
Evaluate 1 + 102 - (-171 + 139 - -68).
67
0 + -99 + (121 + -62 - 8) + -40
-88
Calculate -89 - (-23 + -1 + -357 + 353).
-61
Calculate -3 + 93 + -84 + 38 + 19.
63
What is 63 + 22 + -24 + 11 + (0 - -5)?
77
Calculate -833 - -815 - (-1 - -6).
-23
What is -21 + (56 + -10 - 86)?
-61
9 + -11 + (40 - 24) + 17
31
What is 8 - 2 - (84 + -144 - -80)?
-14
Calculate -5 + (-3 - 0) + 50 + 14 + -9.
47
Evaluate -15 + (-73 - (-52 - (-68 - -32))).
-72
What is -92 - (-174 + -7) - 66?
23
Calculate -34 + 96 + -106 + (-4 - 1).
-49
Calculate -25 - (47 + -47 + -60).
35
What is 6 - -113 - (5 + -17 - -30 - -3)?
98
(74 - (27 + (-21 - -14))) + 4 - -5
63
Calculate (-239 - -267 - 39) + (-31 - 1).
-43
What is 2 + -2 + (-26 - (-4 - -16) - -23)?
-15
What is the value of (249 - 255) + (-46 - -10)?
-42
Calculate (22 - 5) + -1072 + 1059.
4
-15 - (-42 - -77 - 71) - 146
-125
What is -12 + (17 - 15 - (17 + -7 + -1))?
-19
What is the value of -2 + -1 + 43 - (-1446 - -1458)?
28
Calculate 2 + -3 - (-30 + 21 + (-1 - (-3 + 8))).
14
Evaluate (-3 + 6 - 3) + -7 + (-4 + 12 - 12).
-11
Calculate (-3 - -18 - (-111 - -124)) + -42.
-40
20 - ((-19 - (-3 - 20)) + 7)
9
What is 3 - -12 - (-63 - -30 - -6)?
42
Calculate 6 + -6 + 1 + (7 - 17) - 12.
-21
Calculate (34 + -79 - -42) + (-1 - 0 - 21).
-25
Evaluate -101 - -2 - (-561 - -471).
-9
Calculate (69 - 103 - 11) + (-11 - (3 + -2)).
-57
15 + -13 + (-38 - -99)
63
What is the value of -4 + -1 - 9 - (153 - 166)?
-1
What is (255 - 494) + 231 - (0 - 2 - 73)?
67
(-13 - 151) + 304 - 73
67
-30 + (184 - 172 - (-6 - 2)) + 132
122
What is -114 + (17 - (16 + 8)) + 39?
-82
What is the value of -5 + 37 + -10 + -12 + (-7 - 4)?
-1
(-97 - (-25 + -15)) + 20
-37
What is the value of (4 - (1 - -1)) + (43 - -154) + -249?
-50
(227 - 1) + 160 + -301
85
Calculate (73 - -3 - 6) + (9 - (-79 - -98)).
60
What is -127 + -3 + 101 + 103?
74
-43 - (32 + -53 + 19)
-41
-29 + 61 - ((5 - -6) + -9)
30
-12 + 0 + (1186 - 1139)
35
Calculate -1 - (-44 - (-12 + (-12 - (-7 + -33)))).
59
What is the value of (-44 - -1) + 20 + (-29 + 23 - 32)?
-61
What is -3 - 2 - (-26 + -9 + (-2 - -4) + 0)?
28
Calculate (19 - (-25 + 11)) + 15 - 20.
28
What is (20 - (16 - -19) - -33 - 10) + 65?
73
Calculate (41 - (7 + 5)) + (60 + -27 - 16).
46
Evaluate 77 - (93 - 28 - 25) - -34.
71
Evaluate -209 + 18 + (2 - -60).
-129
What is the value of 32 - 22 - (-18 - -13 - -92)?
-77
What is the value of -2 - ((-3 + 17 - -3) + (-18 - -7))?
-8
(4529 - 4537) + (27 - (-5 + (6 - 3) - -1))
20
Evaluate -15 - (29 - (17 + -11)) - (16 - 9).
-45
18 + -20 + -56 + 60
2
Calculate 66 + (3 + 3 + -17 - (-10 - (-13 - -5))).
57
What is -141 + -2 + 0 + -27 + -1 + (-349 - -388)?
-132
-1 + 1 - -4 - (552 + -577 + (0 - 15))
44
3324 - 3305 - (23 - (2 + -4 - 0))
-6
What is the value of -7 + 8 + (22 - (12 + (5 - 5))) + 9?
20
What is -5 + (2 - 10 - ((8 + -17 - -5) + 34))?
-43
Evaluate (-21 - -12 - -20 - (-4 + 5)) + -82.
-72
Evaluate (4 - -96) + -49 + 27.
78
Evaluate 16 - (-14 - -40 - (-4 + (7 - -3))).
-4
-153 - ((6 + -9 - 3) + 6) - (86 + -95)
-144
What is the value of (5 - -2) + (-2 - -2 - (28 - -6)) + 14?
-13
What is (2 - -4) + 26 + 11 + 3 + 20?
66
Calculate 0 